c. Let r be z(c). Calculate the highest common divisor of r and 9.
9
Let b = 20 - 11. Let a(w) = -13*w + 7. Let f = 10 + -15. Let r be a(f). What is the highest common divisor of r and b?
9
Let x be 5*(-1 - (-141)/15). Let c be (1 - 1) + 48/8. Calculate the greatest common factor of c and x.
6
Let g = 47 - 29. Let h be (68/(-12))/((-2)/g). Let o(b) = b**2 - b - 8. Let u be o(-6). What is the highest common divisor of h and u?
17
Let n be 5 + -21*(-3)/9. Let d be ((-27)/(-12))/(2/16). Calculate the greatest common factor of n and d.
6
Let w(k) = 3*k**2 + 13*k + 14. Let z be w(-9). Calculate the highest common factor of z and 56.
28
Suppose -2*o = -5*o. Let t = -2 + o. Let c be (t - -1)/(2/(-20)). What is the highest common divisor of c and 5?
5
Suppose -u = -2*u. Suppose u*d = -p - 2*d + 78, -2*d + 218 = 3*p. Calculate the highest common factor of p and 14.
14
Let l = -84 + 156. Let h be (-1 - -2)*56/4. Suppose -5*t + 7 = 32, -t - h = -p. What is the highest common factor of p and l?
9
Let y(v) be the first derivative of 131/3*v**3 + v + 2 + 0*v**2. Let p be y(-1). Calculate the highest common divisor of p and 12.
12
Let p = -30 + 39. Calculate the greatest common divisor of 27 and p.
9
Let w be (-92)/(-28) - 2/7. Let k(v) = v**3 + 9*v**2 + 7*v + 1. Let b be k(-8). Calculate the greatest common divisor of w and b.
3
Let v(s) = s**3 + 4*s**2 + 2. Let u be (3 + -1)*(-9)/6. Let r be v(u). Calculate the highest common factor of r and 121.
11
Suppose -3*v + 1 = -5. Suppose c + 3*f = -0*c, f = -v*c - 15. Let g be ((-32)/(-6))/((-2)/c). Calculate the greatest common factor of g and 8.
8
Let w(h) = h**2 - 4*h + 2. Let o be w(6). Let u(f) = 21*f - 105. Let y be u(11). Calculate the highest common divisor of o and y.
14
Suppose 5*s = o - 20, 5*o - s - s = 8. Let k be (0 - o) + (-3 - -7). Let c = 2 + k. What is the highest common factor of c and 42?
6
Suppose 2*d = -2*d - 4*s + 236, 3*d = -5*s + 167. What is the greatest common divisor of 8 and d?
8
Suppose 0*i + 6*i - 198 = 0. Calculate the highest common divisor of 22 and i.
11
Let r be ((-16)/6)/((-4)/(-918)). Let i be 18/99 + r/(-22). What is the greatest common divisor of i and 42?
14
Let k = 25 - 1. What is the highest common factor of k and 60?
12
Suppose 3*b - 42 = f + 37, -5*b + 4*f + 120 = 0. What is the greatest common divisor of 308 and b?
28
Let s = -11 - -16. What is the greatest common factor of 2 and s?
1
Let w be ((-4)/6)/(2/(-3)). Let y be (w - 0) + (-2 - -5). Suppose -5*r + 3*l + 60 = 0, -r + y*l = r - 24. What is the highest common factor of 24 and r?
12
Suppose -2*i - 26 = -4*t, -3*t + 0*i + 4*i = -27. Let u(k) = k**3 - 3*k**2 + 6*k - 3. Let c be u(t). What is the highest common factor of 7 and c?
7
Suppose -3*m = -6*m + 9. Let z be 0 + 9 + m - -2. What is the greatest common factor of z and 35?
7
Let h be 4 + (327 - (-3 + 1 - -3)). What is the highest common divisor of 30 and h?
30
Let c(a) be the third derivative of a**5/60 + a**3/2 - 2*a**2. Let h be c(3). Let i = h + -7. What is the greatest common factor of i and 40?
5
Let g be 770/65 + (-4)/(-26). Let k be (0 - 12)/(1/(-8)). What is the highest common divisor of g and k?
12
Let q be (-1 + (1 - 1))*-8. Let g be ((-3)/(-1))/(9/21). Let m(j) = j**2 - 3*j - 8. Let r be m(g). Calculate the greatest common factor of q and r.
4
Let j(d) = 2*d - 11. Let m be j(10). Suppose 0 = 2*o + 5*y + 4, -o - 3*y + 4*y = -5. Calculate the greatest common factor of m and o.
3
Let w(u) = -u**3 - 4*u**2 - 11. Let v be w(-5). Calculate the highest common factor of v and 42.
14
Let j(q) = q + 17. Let v be j(-14). Let y = 4 - 1. What is the greatest common factor of v and y?
3
Let y = 16 - 23. Let p be 4/(-14) - (-12)/y. Let k be (3 - -9)*p/(-1). Calculate the highest common factor of k and 3.
3
Let y(b) = 4*b**2 + 9*b - 18. Let g be y(6). What is the highest common factor of 20 and g?
20
Suppose -2*s = -5*b + 146, 4*b + 40 = -5*s + 137. Suppose -15 = -3*f + 6. Calculate the highest common divisor of f and b.
7
Suppose 3*m + 7*g - 3*g = 407, 4*m - 522 = 5*g. Calculate the greatest common divisor of m and 19.
19
Let w(h) = h**3 - 4*h**2 + 4*h - 1. Let r be w(3). What is the highest common divisor of r and 6?
2
Let z(v) = -4*v + 45. Let b be z(9). Calculate the greatest common divisor of 9 and b.
9
Suppose -4*f = 5*j - 904, 2 = 2*f - 0*f. Suppose 2*n = -10, -4*n + 7*n + 67 = 4*i. Suppose 0 = -u + 7 + i. What is the greatest common factor of u and j?
20
Let u(o) = 2*o**2 + 15*o + 4. Let r be u(-7). Let j(i) = 3*i**2 + 1. Let d be j(r). Calculate the highest common divisor of 7 and d.
7
Let a(j) = 8*j - j**3 + 4 - 5 + 7. Let r be a(-5). Calculate the greatest common divisor of r and 13.
13
Suppose 0*o = -5*l - o - 178, 5*l = 2*o - 169. Let f = l + 50. Calculate the greatest common factor of f and 5.
5
Let h = -17 + 50. Calculate the greatest common factor of h and 3.
3
Let j be (-1416)/(-28) + 9/21. Calculate the highest common factor of 17 and j.
17
Let q(m) = 9*m - 1. Suppose 0 = -0*f - 2*f - 4. Let t = 3 + f. Let h be q(t). What is the highest common divisor of h and 32?
8
Let f = -33 + 130. Suppose -d = -f - 13. Suppose -4*k + 3*k = 5*x - 35, 5 = -k + 3*x. What is the greatest common divisor of k and d?
10
Let r(p) = p**2 + 9*p - 11. Let q be r(-10). Let g be q/(3 - 4) - -23. Suppose -2 = 4*b - 66. What is the greatest common factor of b and g?
8
Suppose -o + 4 = -5. Suppose -x - 3*x + 4*v = -8, 11 = -5*x - 2*v. Let c be 82/3 - x/(-3). Calculate the greatest common divisor of c and o.
9
Suppose 0 = 4*x - 3*p - 137, 4*x + 3*p - 260 + 93 = 0. Calculate the greatest common factor of x and 190.
38
Let x(f) be the third derivative of -f**4/2 - f**3/2 - 3*f**2. Let k be x(-9). What is the greatest common divisor of 15 and k?
15
Suppose 5*s = 15 + 80. Let j = 1 + s. What is the greatest common divisor of j and 20?
20
Let b(o) be the third derivative of -o**4/24 + o**3/6 + 4*o**2. Let f be b(-5). Calculate the greatest common factor of 66 and f.
6
Let i(l) = 5*l**2 + 1. Let v be 1/1*(1 - 0). Let p be i(v). Suppose k - p = -k. Calculate the greatest common divisor of 24 and k.
3
Let o(u) = -u**2 + 6*u + 9. Let f be o(7). Suppose l - 12 = -l + t, -2*l + f*t = -16. What is the greatest common factor of 10 and l?
2
Suppose 0 = 10*h - 5*h - 330. What is the highest common divisor of h and 6?
6
Let y(x) = 124*x + 2. Let l be y(1). Calculate the highest common factor of l and 18.
18
Let n = 6 + 11. Calculate the greatest common divisor of 136 and n.
17
Let i(b) = 3*b**2 + 8*b + 7. Let j = -6 - -1. Let l be i(j). Let c be (-2)/(-7) + 120/21. What is the greatest common factor of l and c?
6
Let v = -5 - -4. Let i be v/(1 - 3)*22. Calculate the highest common factor of i and 11.
11
Suppose 4*p - 2*v - 78 = 0, 15 + 46 = 3*p + v. Calculate the greatest common factor of 50 and p.
10
Let v(p) = -p**2 - 3*p + 2. Let k be v(-2). Suppose j + k*j = 5. What is the highest common factor of j and 1?
1
Suppose -4*x = -2*x + 36. Let r = x + 33. Calculate the greatest common factor of r and 75.
15
Suppose d - 2*d = -3*m + 182, 0 = 3*d + 6. Suppose 0 = -n - 2, 2*n + 10 = 2*v. Suppose 0 = v*s - 0*s - 45. Calculate the highest common divisor of s and m.
15
Let y(q) = 7*q + 5. Let x(i) = 6*i + 5. Let d(h) = -6*x(h) + 5*y(h). Let k be d(-7). What is the highest common factor of k and 2?
2
Let i = -132 + 195. What is the greatest common factor of 21 and i?
21
Suppose -5*c = -o - 44, 5*c + 3*o - 21 = 3*c. Suppose 4*w - 4*l - 384 = 0, -l + 498 = 5*w - 0*w. Calculate the greatest common factor of w and c.
9
Suppose 0 = -5*v - 4*y + 11, -5*v + 10 = -y - 6. Calculate the greatest common factor of 30 and v.
3
Let n(o) = 2*o**3 + 2*o**2 - 4*o - 2. Let c be n(-3). Let z be 788/52 + 4/c. Let j = 188 - 83. Calculate the highest common factor of z and j.
15
Let p be -40*((-12)/8)/3. Let t be (-3)/(-9)*3 + p. Let s = -6 + 13. What is the greatest common divisor of s and t?
7
Let s(h) = h**2 - 3*h - 14. Let n be s(-5). Calculate the greatest common factor of 39 and n.
13
Let o be 13 + 0 + 0/2. Calculate the highest common divisor of 130 and o.
13
Suppose 0 = 3*n + 3*n - 204. Calculate the greatest common divisor of 2 and n.
2
Suppose 42 = 5*l + 12. Calculate the highest common factor of 24 and l.
6
L